{"id":1613,"date":"2025-05-15T07:28:53","date_gmt":"2025-05-15T07:28:53","guid":{"rendered":"https:\/\/pronautic.olalondev.com\/?post_type=product&#038;p=1613"},"modified":"2025-12-19T00:11:39","modified_gmt":"2025-12-19T00:11:39","slug":"pack-actualizaciones-reducidas","status":"publish","type":"product","link":"https:\/\/pronautic.bitfire.com.mx\/?product=pack-actualizaciones-reducidas","title":{"rendered":"Pack Actualizaciones Reducidas"},"content":{"rendered":"<div class=\"alert alert-info\" role=\"alert\"><span class=\"desc-pack-inner\">En 4 d\u00edas consecutivos podr\u00e1s realizar los 4 cursos de Actualizaci\u00f3n! Selecci\u00f3nalos y res\u00e9rvalos uno a uno para hacer la reserva e ir\u00e1n directamente al carrito de compra. Descubre nuestro Pack de Actualizaciones Reducidas.<\/span><\/div>\n","protected":false},"excerpt":{"rendered":"<div class=\"alert alert-info\" role=\"alert\"><span class=\"desc-pack-inner\">En 4 d\u00edas consecutivos podr\u00e1s realizar los 4 cursos de Actualizaci\u00f3n! Selecci\u00f3nalos i res\u00e9rvalos uno a uno para hacer la reserva e ir\u00e1n directamente al carrito de compra.<\/span><\/div>\n<div class=\"row\">\n<div class=\"col-md-6 producte_pack \">\n<div class=\"col-md-12 inner_producte_pack\">\n<div class=\"woocommerce\">\n<div class=\"single-product\" data-product-page-preselected-id=\"0\">\n<div class=\"woocommerce-notices-wrapper\"><\/div>\n<div id=\"product-3665\" class=\"product type-product post-3665 status-publish first instock product_cat-actualizaciones-reducidas has-post-thumbnail sale sold-individually shipping-taxable purchasable product-type-simple\">\n<div class=\"wrap_mascara\"><\/div>\n<\/div>\n<\/div>\n<\/div>\n<\/div>\n<\/div>\n<\/div>\n","protected":false},"featured_media":2631,"comment_status":"open","ping_status":"closed","template":"","meta":{"_acf_changed":false,"_et_pb_use_builder":"","_et_pb_old_content":"","_et_gb_content_width":"","_joinchat":[]},"product_brand":[],"product_cat":[22,23],"product_tag":[],"class_list":{"0":"post-1613","1":"product","2":"type-product","3":"status-publish","4":"has-post-thumbnail","6":"product_cat-cursos-stcw-barcelona","7":"product_cat-packs","9":"first","10":"instock","11":"shipping-taxable","12":"product-type-simple"},"acf":[],"yoast_head":"<!-- This site is optimized with the Yoast SEO plugin v26.5 - https:\/\/yoast.com\/wordpress\/plugins\/seo\/ -->\n<title>Pack Actualizaciones Reducidas - Pronautic<\/title>\n<meta name=\"description\" content=\"Renueva tus titulaciones n\u00e1uticas de forma r\u00e1pida y eficiente con el Pack de Actualizaciones Reducidas de Pronautic en Barcelona.\" \/>\n<meta name=\"robots\" content=\"noindex, follow, max-snippet:-1, max-image-preview:large, max-video-preview:-1\" \/>\n<meta property=\"og:locale\" content=\"es_ES\" \/>\n<meta property=\"og:type\" content=\"article\" \/>\n<meta property=\"og:title\" content=\"Pack Actualizaciones Reducidas - Pronautic\" \/>\n<meta property=\"og:description\" content=\"Renueva tus titulaciones n\u00e1uticas de forma r\u00e1pida y eficiente con el Pack de Actualizaciones Reducidas de Pronautic en Barcelona.\" \/>\n<meta property=\"og:url\" content=\"https:\/\/pronautic.bitfire.com.mx\/?product=pack-actualizaciones-reducidas\" \/>\n<meta property=\"og:site_name\" content=\"Pronautic\" \/>\n<meta property=\"article:modified_time\" content=\"2025-12-19T00:11:39+00:00\" \/>\n<meta property=\"og:image\" content=\"https:\/\/pronautic.bitfire.com.mx\/wp-content\/uploads\/2025\/05\/DSC05121_resultat-1.webp\" \/>\n\t<meta property=\"og:image:width\" content=\"708\" \/>\n\t<meta property=\"og:image:height\" content=\"1060\" \/>\n\t<meta property=\"og:image:type\" content=\"image\/webp\" \/>\n<meta name=\"twitter:card\" content=\"summary_large_image\" \/>\n<meta name=\"twitter:label1\" content=\"Tiempo de lectura\" \/>\n\t<meta name=\"twitter:data1\" content=\"1 minuto\" \/>\n<script type=\"application\/ld+json\" class=\"yoast-schema-graph\">{\"@context\":\"https:\/\/schema.org\",\"@graph\":[{\"@type\":\"WebPage\",\"@id\":\"https:\/\/pronautic.bitfire.com.mx\/?product=pack-actualizaciones-reducidas\",\"url\":\"https:\/\/pronautic.bitfire.com.mx\/?product=pack-actualizaciones-reducidas\",\"name\":\"Pack Actualizaciones Reducidas - Pronautic\",\"isPartOf\":{\"@id\":\"https:\/\/pronautic.bitfire.com.mx\/#website\"},\"primaryImageOfPage\":{\"@id\":\"https:\/\/pronautic.bitfire.com.mx\/?product=pack-actualizaciones-reducidas#primaryimage\"},\"image\":{\"@id\":\"https:\/\/pronautic.bitfire.com.mx\/?product=pack-actualizaciones-reducidas#primaryimage\"},\"thumbnailUrl\":\"https:\/\/pronautic.bitfire.com.mx\/wp-content\/uploads\/2025\/05\/DSC05121_resultat-1.webp\",\"datePublished\":\"2025-05-15T07:28:53+00:00\",\"dateModified\":\"2025-12-19T00:11:39+00:00\",\"description\":\"Renueva tus titulaciones n\u00e1uticas de forma r\u00e1pida y eficiente con el Pack de Actualizaciones Reducidas de Pronautic en Barcelona.\",\"breadcrumb\":{\"@id\":\"https:\/\/pronautic.bitfire.com.mx\/?product=pack-actualizaciones-reducidas#breadcrumb\"},\"inLanguage\":\"es\",\"potentialAction\":[{\"@type\":\"ReadAction\",\"target\":[\"https:\/\/pronautic.bitfire.com.mx\/?product=pack-actualizaciones-reducidas\"]}]},{\"@type\":\"ImageObject\",\"inLanguage\":\"es\",\"@id\":\"https:\/\/pronautic.bitfire.com.mx\/?product=pack-actualizaciones-reducidas#primaryimage\",\"url\":\"https:\/\/pronautic.bitfire.com.mx\/wp-content\/uploads\/2025\/05\/DSC05121_resultat-1.webp\",\"contentUrl\":\"https:\/\/pronautic.bitfire.com.mx\/wp-content\/uploads\/2025\/05\/DSC05121_resultat-1.webp\",\"width\":708,\"height\":1060},{\"@type\":\"BreadcrumbList\",\"@id\":\"https:\/\/pronautic.bitfire.com.mx\/?product=pack-actualizaciones-reducidas#breadcrumb\",\"itemListElement\":[{\"@type\":\"ListItem\",\"position\":1,\"name\":\"Portada\",\"item\":\"https:\/\/pronautic.bitfire.com.mx\/\"},{\"@type\":\"ListItem\",\"position\":2,\"name\":\"Tienda\",\"item\":\"https:\/\/pronautic.bitfire.com.mx\/?page_id=10638\"},{\"@type\":\"ListItem\",\"position\":3,\"name\":\"Pack Actualizaciones Reducidas\",\"item\":\"https:\/\/pronautic.bitfire.com.mx\/?product=pack-actualizaciones-reducidas\"}]},{\"@type\":\"WebSite\",\"@id\":\"https:\/\/pronautic.bitfire.com.mx\/#website\",\"url\":\"https:\/\/pronautic.bitfire.com.mx\/\",\"name\":\"Pronautic\",\"description\":\"Escuela n\u00e1utica en Barcelona | Fromaci\u00f3n marina\",\"potentialAction\":[{\"@type\":\"SearchAction\",\"target\":{\"@type\":\"EntryPoint\",\"urlTemplate\":\"https:\/\/pronautic.bitfire.com.mx\/?s={search_term_string}\"},\"query-input\":{\"@type\":\"PropertyValueSpecification\",\"valueRequired\":true,\"valueName\":\"search_term_string\"}}],\"inLanguage\":\"es\"}]}<\/script>\n<!-- \/ Yoast SEO plugin. -->","yoast_head_json":{"title":"Pack Actualizaciones Reducidas - Pronautic","description":"Renueva tus titulaciones n\u00e1uticas de forma r\u00e1pida y eficiente con el Pack de Actualizaciones Reducidas de Pronautic en Barcelona.","robots":{"index":"noindex","follow":"follow","max-snippet":"max-snippet:-1","max-image-preview":"max-image-preview:large","max-video-preview":"max-video-preview:-1"},"og_locale":"es_ES","og_type":"article","og_title":"Pack Actualizaciones Reducidas - Pronautic","og_description":"Renueva tus titulaciones n\u00e1uticas de forma r\u00e1pida y eficiente con el Pack de Actualizaciones Reducidas de Pronautic en Barcelona.","og_url":"https:\/\/pronautic.bitfire.com.mx\/?product=pack-actualizaciones-reducidas","og_site_name":"Pronautic","article_modified_time":"2025-12-19T00:11:39+00:00","og_image":[{"width":708,"height":1060,"url":"https:\/\/pronautic.bitfire.com.mx\/wp-content\/uploads\/2025\/05\/DSC05121_resultat-1.webp","type":"image\/webp"}],"twitter_card":"summary_large_image","twitter_misc":{"Tiempo de lectura":"1 minuto"},"schema":{"@context":"https:\/\/schema.org","@graph":[{"@type":"WebPage","@id":"https:\/\/pronautic.bitfire.com.mx\/?product=pack-actualizaciones-reducidas","url":"https:\/\/pronautic.bitfire.com.mx\/?product=pack-actualizaciones-reducidas","name":"Pack Actualizaciones Reducidas - Pronautic","isPartOf":{"@id":"https:\/\/pronautic.bitfire.com.mx\/#website"},"primaryImageOfPage":{"@id":"https:\/\/pronautic.bitfire.com.mx\/?product=pack-actualizaciones-reducidas#primaryimage"},"image":{"@id":"https:\/\/pronautic.bitfire.com.mx\/?product=pack-actualizaciones-reducidas#primaryimage"},"thumbnailUrl":"https:\/\/pronautic.bitfire.com.mx\/wp-content\/uploads\/2025\/05\/DSC05121_resultat-1.webp","datePublished":"2025-05-15T07:28:53+00:00","dateModified":"2025-12-19T00:11:39+00:00","description":"Renueva tus titulaciones n\u00e1uticas de forma r\u00e1pida y eficiente con el Pack de Actualizaciones Reducidas de Pronautic en Barcelona.","breadcrumb":{"@id":"https:\/\/pronautic.bitfire.com.mx\/?product=pack-actualizaciones-reducidas#breadcrumb"},"inLanguage":"es","potentialAction":[{"@type":"ReadAction","target":["https:\/\/pronautic.bitfire.com.mx\/?product=pack-actualizaciones-reducidas"]}]},{"@type":"ImageObject","inLanguage":"es","@id":"https:\/\/pronautic.bitfire.com.mx\/?product=pack-actualizaciones-reducidas#primaryimage","url":"https:\/\/pronautic.bitfire.com.mx\/wp-content\/uploads\/2025\/05\/DSC05121_resultat-1.webp","contentUrl":"https:\/\/pronautic.bitfire.com.mx\/wp-content\/uploads\/2025\/05\/DSC05121_resultat-1.webp","width":708,"height":1060},{"@type":"BreadcrumbList","@id":"https:\/\/pronautic.bitfire.com.mx\/?product=pack-actualizaciones-reducidas#breadcrumb","itemListElement":[{"@type":"ListItem","position":1,"name":"Portada","item":"https:\/\/pronautic.bitfire.com.mx\/"},{"@type":"ListItem","position":2,"name":"Tienda","item":"https:\/\/pronautic.bitfire.com.mx\/?page_id=10638"},{"@type":"ListItem","position":3,"name":"Pack Actualizaciones Reducidas","item":"https:\/\/pronautic.bitfire.com.mx\/?product=pack-actualizaciones-reducidas"}]},{"@type":"WebSite","@id":"https:\/\/pronautic.bitfire.com.mx\/#website","url":"https:\/\/pronautic.bitfire.com.mx\/","name":"Pronautic","description":"Escuela n\u00e1utica en Barcelona | Fromaci\u00f3n marina","potentialAction":[{"@type":"SearchAction","target":{"@type":"EntryPoint","urlTemplate":"https:\/\/pronautic.bitfire.com.mx\/?s={search_term_string}"},"query-input":{"@type":"PropertyValueSpecification","valueRequired":true,"valueName":"search_term_string"}}],"inLanguage":"es"}]}},"_links":{"self":[{"href":"https:\/\/pronautic.bitfire.com.mx\/index.php?rest_route=\/wp\/v2\/product\/1613","targetHints":{"allow":["GET"]}}],"collection":[{"href":"https:\/\/pronautic.bitfire.com.mx\/index.php?rest_route=\/wp\/v2\/product"}],"about":[{"href":"https:\/\/pronautic.bitfire.com.mx\/index.php?rest_route=\/wp\/v2\/types\/product"}],"replies":[{"embeddable":true,"href":"https:\/\/pronautic.bitfire.com.mx\/index.php?rest_route=%2Fwp%2Fv2%2Fcomments&post=1613"}],"wp:featuredmedia":[{"embeddable":true,"href":"https:\/\/pronautic.bitfire.com.mx\/index.php?rest_route=\/wp\/v2\/media\/2631"}],"wp:attachment":[{"href":"https:\/\/pronautic.bitfire.com.mx\/index.php?rest_route=%2Fwp%2Fv2%2Fmedia&parent=1613"}],"wp:term":[{"taxonomy":"product_brand","embeddable":true,"href":"https:\/\/pronautic.bitfire.com.mx\/index.php?rest_route=%2Fwp%2Fv2%2Fproduct_brand&post=1613"},{"taxonomy":"product_cat","embeddable":true,"href":"https:\/\/pronautic.bitfire.com.mx\/index.php?rest_route=%2Fwp%2Fv2%2Fproduct_cat&post=1613"},{"taxonomy":"product_tag","embeddable":true,"href":"https:\/\/pronautic.bitfire.com.mx\/index.php?rest_route=%2Fwp%2Fv2%2Fproduct_tag&post=1613"}],"curies":[{"name":"wp","href":"https:\/\/api.w.org\/{rel}","templated":true}]}}