{"id":1387,"date":"2025-05-13T12:04:09","date_gmt":"2025-05-13T12:04:09","guid":{"rendered":"https:\/\/pronautic.olalondev.com\/?post_type=product&#038;p=1387"},"modified":"2025-10-20T09:58:23","modified_gmt":"2025-10-20T09:58:23","slug":"sistema-de-informacion-y-visualitzacion-de-cartas-electronicas-ecdis","status":"publish","type":"product","link":"https:\/\/pronautic.bitfire.com.mx\/?product=sistema-de-informacion-y-visualitzacion-de-cartas-electronicas-ecdis","title":{"rendered":"Curso de Sistema de Informaci\u00f3n y Visualizaci\u00f3n de Cartas Electr\u00f3nicas (ECDIS)"},"content":{"rendered":"","protected":false},"excerpt":{"rendered":"<div class=\"row descripcio-curs\">\n<div class=\"col-md-12\">\n<h3 data-start=\"235\" data-end=\"336\"><strong>Domina la navegaci\u00f3n electr\u00f3nica con nuestro curso STCW en Barcelona<\/strong><\/h3>\n<h5 data-start=\"235\" data-end=\"336\"><strong>Desde 795\u20ac<\/strong><\/h5>\n<p data-start=\"338\" data-end=\"644\">El <strong data-start=\"341\" data-end=\"423\">curso de Sistema de Informaci\u00f3n y Visualizaci\u00f3n de Cartas Electr\u00f3nicas (ECDIS)<\/strong> est\u00e1 dise\u00f1ado para dotar al alumnado de los conocimientos necesarios para realizar guardias con cartas electr\u00f3nicas, planificar traves\u00edas y comprender a fondo el funcionamiento, los elementos y los objetivos del ECDIS.<\/p>\n<p data-start=\"646\" data-end=\"882\">Se trata de un <strong data-start=\"661\" data-end=\"707\">curso certificado de Especialidad Mar\u00edtima<\/strong>, homologado por la <strong data-start=\"727\" data-end=\"777\">Direcci\u00f3n General de la Marina Mercante (DGMM)<\/strong> y refrendado por la <strong data-start=\"798\" data-end=\"843\">Organizaci\u00f3n Mar\u00edtima Internacional (OMI)<\/strong>, cumpliendo con los est\u00e1ndares STCW.<\/p>\n<p data-start=\"884\" data-end=\"1060\">Este <a href=\"https:\/\/pronautic.bitfire.com.mx\/categoria-producto\/cursos-stcw-barcelona\/\"><strong data-start=\"889\" data-end=\"916\">curso STCW en Barcelona<\/strong><\/a> se realiza en colaboraci\u00f3n con la <a href=\"https:\/\/www.fnb.upc.edu\/es\"><strong data-start=\"951\" data-end=\"987\">Facultad de N\u00e1utica de Barcelona<\/strong><\/a>, garantizando formaci\u00f3n de calidad y con reconocimiento internacional.<\/p>\n<\/div>\n<\/div>\n","protected":false},"featured_media":1979,"comment_status":"open","ping_status":"closed","template":"","meta":{"_acf_changed":false,"_et_pb_use_builder":"","_et_pb_old_content":"","_et_gb_content_width":"","_joinchat":[]},"product_brand":[],"product_cat":[22],"product_tag":[],"class_list":{"0":"post-1387","1":"product","2":"type-product","3":"status-publish","4":"has-post-thumbnail","6":"product_cat-cursos-stcw-barcelona","8":"first","9":"instock","10":"sale","11":"shipping-taxable","12":"purchasable","13":"product-type-variable"},"acf":[],"yoast_head":"<!-- This site is optimized with the Yoast SEO plugin v26.5 - https:\/\/yoast.com\/wordpress\/plugins\/seo\/ -->\n<title>Curso ECDIS STCW en Barcelona \u2013 Certificaci\u00f3n Mar\u00edtima<\/title>\n<meta name=\"description\" content=\"Curso ECDIS con nuestro curso STCW en Barcelona, homologado por la DGMM y la OMI. Formaci\u00f3n pr\u00e1ctica y certificaci\u00f3n internacional.\" \/>\n<meta name=\"robots\" content=\"noindex, follow, max-snippet:-1, max-image-preview:large, max-video-preview:-1\" \/>\n<meta property=\"og:locale\" content=\"es_ES\" \/>\n<meta property=\"og:type\" content=\"article\" \/>\n<meta property=\"og:title\" content=\"Curso ECDIS STCW en Barcelona \u2013 Certificaci\u00f3n Mar\u00edtima\" \/>\n<meta property=\"og:description\" content=\"Curso ECDIS con nuestro curso STCW en Barcelona, homologado por la DGMM y la OMI. Formaci\u00f3n pr\u00e1ctica y certificaci\u00f3n internacional.\" \/>\n<meta property=\"og:url\" content=\"https:\/\/pronautic.bitfire.com.mx\/?product=sistema-de-informacion-y-visualitzacion-de-cartas-electronicas-ecdis\" \/>\n<meta property=\"og:site_name\" content=\"Pronautic\" \/>\n<meta property=\"article:modified_time\" content=\"2025-10-20T09:58:23+00:00\" \/>\n<meta property=\"og:image\" content=\"https:\/\/pronautic.bitfire.com.mx\/wp-content\/uploads\/2025\/05\/fotos-productos-STCW-8_resultat.webp\" \/>\n\t<meta property=\"og:image:width\" content=\"234\" \/>\n\t<meta property=\"og:image:height\" content=\"351\" \/>\n\t<meta property=\"og:image:type\" content=\"image\/webp\" \/>\n<meta name=\"twitter:card\" content=\"summary_large_image\" \/>\n<meta name=\"twitter:label1\" content=\"Tiempo de lectura\" \/>\n\t<meta name=\"twitter:data1\" content=\"1 minuto\" \/>\n<script type=\"application\/ld+json\" class=\"yoast-schema-graph\">{\"@context\":\"https:\/\/schema.org\",\"@graph\":[{\"@type\":\"WebPage\",\"@id\":\"https:\/\/pronautic.bitfire.com.mx\/?product=sistema-de-informacion-y-visualitzacion-de-cartas-electronicas-ecdis\",\"url\":\"https:\/\/pronautic.bitfire.com.mx\/?product=sistema-de-informacion-y-visualitzacion-de-cartas-electronicas-ecdis\",\"name\":\"Curso ECDIS STCW en Barcelona \u2013 Certificaci\u00f3n Mar\u00edtima\",\"isPartOf\":{\"@id\":\"https:\/\/pronautic.bitfire.com.mx\/#website\"},\"primaryImageOfPage\":{\"@id\":\"https:\/\/pronautic.bitfire.com.mx\/?product=sistema-de-informacion-y-visualitzacion-de-cartas-electronicas-ecdis#primaryimage\"},\"image\":{\"@id\":\"https:\/\/pronautic.bitfire.com.mx\/?product=sistema-de-informacion-y-visualitzacion-de-cartas-electronicas-ecdis#primaryimage\"},\"thumbnailUrl\":\"https:\/\/pronautic.bitfire.com.mx\/wp-content\/uploads\/2025\/05\/fotos-productos-STCW-8_resultat.webp\",\"datePublished\":\"2025-05-13T12:04:09+00:00\",\"dateModified\":\"2025-10-20T09:58:23+00:00\",\"description\":\"Curso ECDIS con nuestro curso STCW en Barcelona, homologado por la DGMM y la OMI. Formaci\u00f3n pr\u00e1ctica y certificaci\u00f3n internacional.\",\"breadcrumb\":{\"@id\":\"https:\/\/pronautic.bitfire.com.mx\/?product=sistema-de-informacion-y-visualitzacion-de-cartas-electronicas-ecdis#breadcrumb\"},\"inLanguage\":\"es\",\"potentialAction\":[{\"@type\":\"ReadAction\",\"target\":[\"https:\/\/pronautic.bitfire.com.mx\/?product=sistema-de-informacion-y-visualitzacion-de-cartas-electronicas-ecdis\"]}]},{\"@type\":\"ImageObject\",\"inLanguage\":\"es\",\"@id\":\"https:\/\/pronautic.bitfire.com.mx\/?product=sistema-de-informacion-y-visualitzacion-de-cartas-electronicas-ecdis#primaryimage\",\"url\":\"https:\/\/pronautic.bitfire.com.mx\/wp-content\/uploads\/2025\/05\/fotos-productos-STCW-8_resultat.webp\",\"contentUrl\":\"https:\/\/pronautic.bitfire.com.mx\/wp-content\/uploads\/2025\/05\/fotos-productos-STCW-8_resultat.webp\",\"width\":234,\"height\":351},{\"@type\":\"BreadcrumbList\",\"@id\":\"https:\/\/pronautic.bitfire.com.mx\/?product=sistema-de-informacion-y-visualitzacion-de-cartas-electronicas-ecdis#breadcrumb\",\"itemListElement\":[{\"@type\":\"ListItem\",\"position\":1,\"name\":\"Portada\",\"item\":\"https:\/\/pronautic.bitfire.com.mx\/\"},{\"@type\":\"ListItem\",\"position\":2,\"name\":\"Tienda\",\"item\":\"https:\/\/pronautic.bitfire.com.mx\/?page_id=10638\"},{\"@type\":\"ListItem\",\"position\":3,\"name\":\"Curso de Sistema de Informaci\u00f3n y Visualizaci\u00f3n de Cartas Electr\u00f3nicas (ECDIS)\",\"item\":\"https:\/\/pronautic.bitfire.com.mx\/?product=sistema-de-informacion-y-visualitzacion-de-cartas-electronicas-ecdis\"}]},{\"@type\":\"WebSite\",\"@id\":\"https:\/\/pronautic.bitfire.com.mx\/#website\",\"url\":\"https:\/\/pronautic.bitfire.com.mx\/\",\"name\":\"Pronautic\",\"description\":\"Escuela n\u00e1utica en Barcelona | Fromaci\u00f3n marina\",\"potentialAction\":[{\"@type\":\"SearchAction\",\"target\":{\"@type\":\"EntryPoint\",\"urlTemplate\":\"https:\/\/pronautic.bitfire.com.mx\/?s={search_term_string}\"},\"query-input\":{\"@type\":\"PropertyValueSpecification\",\"valueRequired\":true,\"valueName\":\"search_term_string\"}}],\"inLanguage\":\"es\"}]}<\/script>\n<!-- \/ Yoast SEO plugin. -->","yoast_head_json":{"title":"Curso ECDIS STCW en Barcelona \u2013 Certificaci\u00f3n Mar\u00edtima","description":"Curso ECDIS con nuestro curso STCW en Barcelona, homologado por la DGMM y la OMI. Formaci\u00f3n pr\u00e1ctica y certificaci\u00f3n internacional.","robots":{"index":"noindex","follow":"follow","max-snippet":"max-snippet:-1","max-image-preview":"max-image-preview:large","max-video-preview":"max-video-preview:-1"},"og_locale":"es_ES","og_type":"article","og_title":"Curso ECDIS STCW en Barcelona \u2013 Certificaci\u00f3n Mar\u00edtima","og_description":"Curso ECDIS con nuestro curso STCW en Barcelona, homologado por la DGMM y la OMI. Formaci\u00f3n pr\u00e1ctica y certificaci\u00f3n internacional.","og_url":"https:\/\/pronautic.bitfire.com.mx\/?product=sistema-de-informacion-y-visualitzacion-de-cartas-electronicas-ecdis","og_site_name":"Pronautic","article_modified_time":"2025-10-20T09:58:23+00:00","og_image":[{"width":234,"height":351,"url":"https:\/\/pronautic.bitfire.com.mx\/wp-content\/uploads\/2025\/05\/fotos-productos-STCW-8_resultat.webp","type":"image\/webp"}],"twitter_card":"summary_large_image","twitter_misc":{"Tiempo de lectura":"1 minuto"},"schema":{"@context":"https:\/\/schema.org","@graph":[{"@type":"WebPage","@id":"https:\/\/pronautic.bitfire.com.mx\/?product=sistema-de-informacion-y-visualitzacion-de-cartas-electronicas-ecdis","url":"https:\/\/pronautic.bitfire.com.mx\/?product=sistema-de-informacion-y-visualitzacion-de-cartas-electronicas-ecdis","name":"Curso ECDIS STCW en Barcelona \u2013 Certificaci\u00f3n Mar\u00edtima","isPartOf":{"@id":"https:\/\/pronautic.bitfire.com.mx\/#website"},"primaryImageOfPage":{"@id":"https:\/\/pronautic.bitfire.com.mx\/?product=sistema-de-informacion-y-visualitzacion-de-cartas-electronicas-ecdis#primaryimage"},"image":{"@id":"https:\/\/pronautic.bitfire.com.mx\/?product=sistema-de-informacion-y-visualitzacion-de-cartas-electronicas-ecdis#primaryimage"},"thumbnailUrl":"https:\/\/pronautic.bitfire.com.mx\/wp-content\/uploads\/2025\/05\/fotos-productos-STCW-8_resultat.webp","datePublished":"2025-05-13T12:04:09+00:00","dateModified":"2025-10-20T09:58:23+00:00","description":"Curso ECDIS con nuestro curso STCW en Barcelona, homologado por la DGMM y la OMI. Formaci\u00f3n pr\u00e1ctica y certificaci\u00f3n internacional.","breadcrumb":{"@id":"https:\/\/pronautic.bitfire.com.mx\/?product=sistema-de-informacion-y-visualitzacion-de-cartas-electronicas-ecdis#breadcrumb"},"inLanguage":"es","potentialAction":[{"@type":"ReadAction","target":["https:\/\/pronautic.bitfire.com.mx\/?product=sistema-de-informacion-y-visualitzacion-de-cartas-electronicas-ecdis"]}]},{"@type":"ImageObject","inLanguage":"es","@id":"https:\/\/pronautic.bitfire.com.mx\/?product=sistema-de-informacion-y-visualitzacion-de-cartas-electronicas-ecdis#primaryimage","url":"https:\/\/pronautic.bitfire.com.mx\/wp-content\/uploads\/2025\/05\/fotos-productos-STCW-8_resultat.webp","contentUrl":"https:\/\/pronautic.bitfire.com.mx\/wp-content\/uploads\/2025\/05\/fotos-productos-STCW-8_resultat.webp","width":234,"height":351},{"@type":"BreadcrumbList","@id":"https:\/\/pronautic.bitfire.com.mx\/?product=sistema-de-informacion-y-visualitzacion-de-cartas-electronicas-ecdis#breadcrumb","itemListElement":[{"@type":"ListItem","position":1,"name":"Portada","item":"https:\/\/pronautic.bitfire.com.mx\/"},{"@type":"ListItem","position":2,"name":"Tienda","item":"https:\/\/pronautic.bitfire.com.mx\/?page_id=10638"},{"@type":"ListItem","position":3,"name":"Curso de Sistema de Informaci\u00f3n y Visualizaci\u00f3n de Cartas Electr\u00f3nicas (ECDIS)","item":"https:\/\/pronautic.bitfire.com.mx\/?product=sistema-de-informacion-y-visualitzacion-de-cartas-electronicas-ecdis"}]},{"@type":"WebSite","@id":"https:\/\/pronautic.bitfire.com.mx\/#website","url":"https:\/\/pronautic.bitfire.com.mx\/","name":"Pronautic","description":"Escuela n\u00e1utica en Barcelona | Fromaci\u00f3n marina","potentialAction":[{"@type":"SearchAction","target":{"@type":"EntryPoint","urlTemplate":"https:\/\/pronautic.bitfire.com.mx\/?s={search_term_string}"},"query-input":{"@type":"PropertyValueSpecification","valueRequired":true,"valueName":"search_term_string"}}],"inLanguage":"es"}]}},"_links":{"self":[{"href":"https:\/\/pronautic.bitfire.com.mx\/index.php?rest_route=\/wp\/v2\/product\/1387","targetHints":{"allow":["GET"]}}],"collection":[{"href":"https:\/\/pronautic.bitfire.com.mx\/index.php?rest_route=\/wp\/v2\/product"}],"about":[{"href":"https:\/\/pronautic.bitfire.com.mx\/index.php?rest_route=\/wp\/v2\/types\/product"}],"replies":[{"embeddable":true,"href":"https:\/\/pronautic.bitfire.com.mx\/index.php?rest_route=%2Fwp%2Fv2%2Fcomments&post=1387"}],"wp:featuredmedia":[{"embeddable":true,"href":"https:\/\/pronautic.bitfire.com.mx\/index.php?rest_route=\/wp\/v2\/media\/1979"}],"wp:attachment":[{"href":"https:\/\/pronautic.bitfire.com.mx\/index.php?rest_route=%2Fwp%2Fv2%2Fmedia&parent=1387"}],"wp:term":[{"taxonomy":"product_brand","embeddable":true,"href":"https:\/\/pronautic.bitfire.com.mx\/index.php?rest_route=%2Fwp%2Fv2%2Fproduct_brand&post=1387"},{"taxonomy":"product_cat","embeddable":true,"href":"https:\/\/pronautic.bitfire.com.mx\/index.php?rest_route=%2Fwp%2Fv2%2Fproduct_cat&post=1387"},{"taxonomy":"product_tag","embeddable":true,"href":"https:\/\/pronautic.bitfire.com.mx\/index.php?rest_route=%2Fwp%2Fv2%2Fproduct_tag&post=1387"}],"curies":[{"name":"wp","href":"https:\/\/api.w.org\/{rel}","templated":true}]}}