{"id":1360,"date":"2025-05-13T10:54:51","date_gmt":"2025-05-13T10:54:51","guid":{"rendered":"https:\/\/pronautic.olalondev.com\/?post_type=product&#038;p=1360"},"modified":"2026-01-08T08:53:10","modified_gmt":"2026-01-08T08:53:10","slug":"curso-botes-de-rescate-rapidos","status":"publish","type":"product","link":"https:\/\/pronautic.bitfire.com.mx\/?product=curso-botes-de-rescate-rapidos","title":{"rendered":"Curso de Botes de rescate r\u00e1pidos"},"content":{"rendered":"<h3><strong>Formaci\u00f3n profesional en manejo de Botes de Rescate R\u00e1pidos, STCW en Barcelona.<\/strong><\/h3>\n<p data-start=\"443\" data-end=\"991\">Seg\u00fan la <strong data-start=\"452\" data-end=\"475\">Orden FOM 2296\/2002<\/strong>, es obligatorio que los <strong data-start=\"500\" data-end=\"525\">Oficiales y Marineros<\/strong>, tanto de <strong data-start=\"536\" data-end=\"546\">Puente<\/strong> como de <strong data-start=\"555\" data-end=\"567\">M\u00e1quinas<\/strong>, que tengan asignadas funciones en <strong data-start=\"603\" data-end=\"631\">botes de rescate r\u00e1pidos<\/strong>, posean el <strong data-start=\"643\" data-end=\"705\">Certificado Avanzado en Manejo de Botes de Rescate R\u00e1pidos<\/strong>. Este certificado de especialidad mar\u00edtima, homologado por la <strong data-start=\"768\" data-end=\"818\">Direcci\u00f3n General de la Marina Mercante (DGMM)<\/strong> y refrendado por la <strong data-start=\"839\" data-end=\"884\">Organizaci\u00f3n Mar\u00edtima Internacional (OMI)<\/strong>, garantiza que el personal de mar cumple con los est\u00e1ndares internacionales del <strong data-start=\"965\" data-end=\"988\">Convenio STCW 78\/95<\/strong>.<\/p>\n<p data-start=\"993\" data-end=\"1303\">En <strong data-start=\"996\" data-end=\"1025\">ProNautic Training Centre<\/strong>, <a href=\"https:\/\/pronautic.bitfire.com.mx\/\">centro de formaci\u00f3n para marina mercante en Barcelona<\/a>, el <strong data-start=\"1042\" data-end=\"1079\">curso de Botes de Rescate R\u00e1pidos<\/strong> se imparte siguiendo la normativa internacional STCW y los requisitos de la DGMM, ofreciendo formaci\u00f3n pr\u00e1ctica y te\u00f3rica completa en el manejo y gobierno de botes de rescate r\u00e1pidos en condiciones de navegaci\u00f3n adversas.<\/p>\n<p data-start=\"1305\" data-end=\"1707\">Para obtener este certificado, es necesario haber realizado previamente el <strong data-start=\"1380\" data-end=\"1455\">curso de embarcaciones de supervivencia y botes de rescate (no r\u00e1pidos)<\/strong>. Ambos cursos est\u00e1n disponibles en nuestras instalaciones de Barcelona, ofreciendo una preparaci\u00f3n completa para todo el personal que embarque en <strong data-start=\"1602\" data-end=\"1704\">buques mercantes, cruceros, buques de pesca y embarcaciones equipadas con botes de rescate r\u00e1pidos<\/strong>.<\/p>\n<h4 data-start=\"1709\" data-end=\"1762\"><strong>Objetivos del curso de Botes de Rescate R\u00e1pidos<\/strong><\/h4>\n<p data-start=\"1763\" data-end=\"2115\">El curso tiene como objetivo formar a toda la <strong data-start=\"1809\" data-end=\"1825\">gente de mar<\/strong> en la capacidad de <strong data-start=\"1845\" data-end=\"1892\">gobernar y manejar botes de rescate r\u00e1pidos<\/strong>, as\u00ed como coordinar operaciones de <strong data-start=\"1928\" data-end=\"1950\">rescate y b\u00fasqueda<\/strong>. Se ense\u00f1a a operar los botes en <strong data-start=\"1984\" data-end=\"2033\">condiciones adversas de oleaje y climatolog\u00eda<\/strong>, garantizando la seguridad del personal y de los n\u00e1ufragos durante emergencias.<\/p>\n<h4 data-start=\"2117\" data-end=\"2151\"><strong>Temario y programa del curso<\/strong><\/h4>\n<p data-start=\"2152\" data-end=\"2363\">El temario del <strong data-start=\"2167\" data-end=\"2204\">curso de Botes de Rescate R\u00e1pidos<\/strong> se centra en la eficiencia y rapidez en situaciones de emergencia, como <strong data-start=\"2277\" data-end=\"2298\">abandono de buque<\/strong> o <strong data-start=\"2301\" data-end=\"2319\">hombre al agua<\/strong>, y se organiza en los siguientes bloques:<\/p>\n<ul data-start=\"2365\" data-end=\"2575\">\n<li data-start=\"2365\" data-end=\"2451\">\n<p data-start=\"2367\" data-end=\"2451\">Hacerse cargo de un bote de rescate r\u00e1pido durante y despu\u00e9s de la puesta a flote.<\/p>\n<\/li>\n<li data-start=\"2452\" data-end=\"2513\">\n<p data-start=\"2454\" data-end=\"2513\">Manejar el motor y sistemas de un bote de rescate r\u00e1pido.<\/p>\n<\/li>\n<li data-start=\"2514\" data-end=\"2575\">\n<p data-start=\"2516\" data-end=\"2575\">Aplicaci\u00f3n de patrones de b\u00fasqueda y rescate en alta mar.<\/p>\n<\/li>\n<\/ul>\n<p data-start=\"2577\" data-end=\"2804\">El curso combina <strong data-start=\"2594\" data-end=\"2604\">teor\u00eda<\/strong>, impartida en aula en Barcelona con ejemplares de equipos reales, y <strong data-start=\"2673\" data-end=\"2685\">pr\u00e1ctica<\/strong>, que se realiza tanto en alta mar como en las d\u00e1rsenas del puerto, utilizando nuestra embarcaci\u00f3n de rescate r\u00e1pida.<\/p>\n<h4 data-start=\"2806\" data-end=\"2857\"><strong>Expedici\u00f3n del certificado y libreta mar\u00edtima<\/strong><\/h4>\n<p data-start=\"2858\" data-end=\"3251\">Una vez completado el curso, los participantes deber\u00e1n <strong data-start=\"2913\" data-end=\"2965\">tramitar el Certificado de Especialidad Mar\u00edtima<\/strong> a trav\u00e9s de <strong data-start=\"2978\" data-end=\"3000\">Capitan\u00eda Mar\u00edtima<\/strong> para poder ejercer funciones en <strong data-start=\"3033\" data-end=\"3061\">botes de rescate r\u00e1pidos<\/strong> a bordo de cualquier buque mercante. Este certificado garantiza que el personal cumple con los requisitos del <a href=\"https:\/\/pronautic.bitfire.com.mx\/categoria-producto\/cursos-stcw-barcelona\/\"><strong data-start=\"3172\" data-end=\"3193\">STCW en Barcelona<\/strong><\/a> y con la normativa de seguridad mar\u00edtima internacional.<\/p>\n","protected":false},"excerpt":{"rendered":"<h3 data-start=\"182\" data-end=\"272\"><strong data-start=\"182\" data-end=\"270\">Curso de Botes de rescate R\u00e1pidos en Barcelona \u2013 <a href=\"https:\/\/pronautic.bitfire.com.mx\/categoria-producto\/cursos-stcw-barcelona\/\">Formaci\u00f3n STCW<\/a><\/strong><\/h3>\n<h5>ANTES 290\u20ac<strong> &#8211; AHORA 275,50\u20ac<\/strong><\/h5>\n<p data-start=\"297\" data-end=\"697\">El <strong data-start=\"300\" data-end=\"337\">curso de Botes de Rescate R\u00e1pidos<\/strong> est\u00e1 dise\u00f1ado para dotar al alumnado de los conocimientos necesarios para <strong data-start=\"412\" data-end=\"449\">gobernar botes de rescate r\u00e1pidos<\/strong> y organizar de manera eficiente <strong data-start=\"482\" data-end=\"519\">operaciones de b\u00fasqueda y rescate<\/strong>. Los participantes aprender\u00e1n t\u00e9cnicas de maniobra, seguridad a bordo y coordinaci\u00f3n durante emergencias mar\u00edtimas, cumpliendo con los est\u00e1ndares internacionales de formaci\u00f3n.<\/p>\n<p data-start=\"699\" data-end=\"995\">Se trata de un <a href=\"https:\/\/pronautic.bitfire.com.mx\/categoria-producto\/cursos-stcw-barcelona\/\"><strong data-start=\"714\" data-end=\"741\">curso STCW en Barcelona<\/strong><\/a> con <strong data-start=\"746\" data-end=\"788\">certificaci\u00f3n de Especialidad Mar\u00edtima<\/strong>, homologado por la <strong data-start=\"808\" data-end=\"858\">Direcci\u00f3n General de la Marina Mercante (DGMM)<\/strong> y refrendado por la <strong data-start=\"879\" data-end=\"924\">Organizaci\u00f3n Mar\u00edtima Internacional (OMI)<\/strong>, garantizando formaci\u00f3n profesional y reconocida internacionalmente.<\/p>\n<p><!-- El Certificado da atribuciones en materia de manejo y gobierno de botes de rescate r\u00e1pido, as\u00ed como en el manejo de los dispositivos de su puesta a flota, a todo el personal y a toda la gente de mar que est\u00e9 navegando o embarcado en buques mercantes, cruceros, buques de pesca, etc., que cuenten con un bote de rescate r\u00e1pido. El programa se ajusta a la normativa oficial de la Orden FOM\/2296\/2002 y la Resoluci\u00f3n de 18 de junio de 2013, cumpliendo con el C\u00f3digo de Formaci\u00f3n del Convenio STCW-78. Su contenido figura en la Regla VI\/2 del Convenio STCW-78 enmendado, Secci\u00f3n A-VI\/2, Cuadro A-VI\/2-2 y Secci\u00f3n B-VI\/2 del C\u00f3digo de Formaci\u00f3n. --><\/p>\n","protected":false},"featured_media":1975,"comment_status":"open","ping_status":"closed","template":"","meta":{"_acf_changed":false,"_et_pb_use_builder":"","_et_pb_old_content":"","_et_gb_content_width":"","_joinchat":[]},"product_brand":[],"product_cat":[22],"product_tag":[],"class_list":{"0":"post-1360","1":"product","2":"type-product","3":"status-publish","4":"has-post-thumbnail","6":"product_cat-cursos-stcw-barcelona","7":"bookacti-activity","9":"first","10":"instock","11":"sale","12":"virtual","13":"purchasable","14":"product-type-simple"},"acf":[],"yoast_head":"<!-- This site is optimized with the Yoast SEO plugin v26.5 - https:\/\/yoast.com\/wordpress\/plugins\/seo\/ -->\n<title>Curso Botes de Rescate R\u00e1pidos STCW en Barcelona<\/title>\n<meta name=\"description\" content=\"Obt\u00e9n tu certificado en Botes de Rescate R\u00e1pidos con Pronautic: formaci\u00f3n STCW oficial, pr\u00e1ctica intensiva y seguridad en situaciones de emergencia.\" \/>\n<meta name=\"robots\" content=\"noindex, follow, max-snippet:-1, max-image-preview:large, max-video-preview:-1\" \/>\n<meta property=\"og:locale\" content=\"es_ES\" \/>\n<meta property=\"og:type\" content=\"article\" \/>\n<meta property=\"og:title\" content=\"Curso Botes de Rescate R\u00e1pidos STCW en Barcelona\" \/>\n<meta property=\"og:description\" content=\"Obt\u00e9n tu certificado en Botes de Rescate R\u00e1pidos con Pronautic: formaci\u00f3n STCW oficial, pr\u00e1ctica intensiva y seguridad en situaciones de emergencia.\" \/>\n<meta property=\"og:url\" content=\"https:\/\/pronautic.bitfire.com.mx\/?product=curso-botes-de-rescate-rapidos\" \/>\n<meta property=\"og:site_name\" content=\"Pronautic\" \/>\n<meta property=\"article:modified_time\" content=\"2026-01-08T08:53:10+00:00\" \/>\n<meta property=\"og:image\" content=\"https:\/\/pronautic.bitfire.com.mx\/wp-content\/uploads\/2025\/05\/fotos-productos-STCW-4_resultat.webp\" \/>\n\t<meta property=\"og:image:width\" content=\"234\" \/>\n\t<meta property=\"og:image:height\" content=\"351\" \/>\n\t<meta property=\"og:image:type\" content=\"image\/webp\" \/>\n<meta name=\"twitter:card\" content=\"summary_large_image\" \/>\n<meta name=\"twitter:label1\" content=\"Tiempo de lectura\" \/>\n\t<meta name=\"twitter:data1\" content=\"3 minutos\" \/>\n<script type=\"application\/ld+json\" class=\"yoast-schema-graph\">{\"@context\":\"https:\/\/schema.org\",\"@graph\":[{\"@type\":\"WebPage\",\"@id\":\"https:\/\/pronautic.bitfire.com.mx\/?product=curso-botes-de-rescate-rapidos\",\"url\":\"https:\/\/pronautic.bitfire.com.mx\/?product=curso-botes-de-rescate-rapidos\",\"name\":\"Curso Botes de Rescate R\u00e1pidos STCW en Barcelona\",\"isPartOf\":{\"@id\":\"https:\/\/pronautic.bitfire.com.mx\/#website\"},\"primaryImageOfPage\":{\"@id\":\"https:\/\/pronautic.bitfire.com.mx\/?product=curso-botes-de-rescate-rapidos#primaryimage\"},\"image\":{\"@id\":\"https:\/\/pronautic.bitfire.com.mx\/?product=curso-botes-de-rescate-rapidos#primaryimage\"},\"thumbnailUrl\":\"https:\/\/pronautic.bitfire.com.mx\/wp-content\/uploads\/2025\/05\/fotos-productos-STCW-4_resultat.webp\",\"datePublished\":\"2025-05-13T10:54:51+00:00\",\"dateModified\":\"2026-01-08T08:53:10+00:00\",\"description\":\"Obt\u00e9n tu certificado en Botes de Rescate R\u00e1pidos con Pronautic: formaci\u00f3n STCW oficial, pr\u00e1ctica intensiva y seguridad en situaciones de emergencia.\",\"breadcrumb\":{\"@id\":\"https:\/\/pronautic.bitfire.com.mx\/?product=curso-botes-de-rescate-rapidos#breadcrumb\"},\"inLanguage\":\"es\",\"potentialAction\":[{\"@type\":\"ReadAction\",\"target\":[\"https:\/\/pronautic.bitfire.com.mx\/?product=curso-botes-de-rescate-rapidos\"]}]},{\"@type\":\"ImageObject\",\"inLanguage\":\"es\",\"@id\":\"https:\/\/pronautic.bitfire.com.mx\/?product=curso-botes-de-rescate-rapidos#primaryimage\",\"url\":\"https:\/\/pronautic.bitfire.com.mx\/wp-content\/uploads\/2025\/05\/fotos-productos-STCW-4_resultat.webp\",\"contentUrl\":\"https:\/\/pronautic.bitfire.com.mx\/wp-content\/uploads\/2025\/05\/fotos-productos-STCW-4_resultat.webp\",\"width\":234,\"height\":351},{\"@type\":\"BreadcrumbList\",\"@id\":\"https:\/\/pronautic.bitfire.com.mx\/?product=curso-botes-de-rescate-rapidos#breadcrumb\",\"itemListElement\":[{\"@type\":\"ListItem\",\"position\":1,\"name\":\"Portada\",\"item\":\"https:\/\/pronautic.bitfire.com.mx\/\"},{\"@type\":\"ListItem\",\"position\":2,\"name\":\"Tienda\",\"item\":\"https:\/\/pronautic.bitfire.com.mx\/?page_id=10638\"},{\"@type\":\"ListItem\",\"position\":3,\"name\":\"Curso de Botes de rescate r\u00e1pidos\",\"item\":\"https:\/\/pronautic.bitfire.com.mx\/?product=curso-botes-de-rescate-rapidos\"}]},{\"@type\":\"WebSite\",\"@id\":\"https:\/\/pronautic.bitfire.com.mx\/#website\",\"url\":\"https:\/\/pronautic.bitfire.com.mx\/\",\"name\":\"Pronautic\",\"description\":\"Escuela n\u00e1utica en Barcelona | Fromaci\u00f3n marina\",\"potentialAction\":[{\"@type\":\"SearchAction\",\"target\":{\"@type\":\"EntryPoint\",\"urlTemplate\":\"https:\/\/pronautic.bitfire.com.mx\/?s={search_term_string}\"},\"query-input\":{\"@type\":\"PropertyValueSpecification\",\"valueRequired\":true,\"valueName\":\"search_term_string\"}}],\"inLanguage\":\"es\"}]}<\/script>\n<!-- \/ Yoast SEO plugin. -->","yoast_head_json":{"title":"Curso Botes de Rescate R\u00e1pidos STCW en Barcelona","description":"Obt\u00e9n tu certificado en Botes de Rescate R\u00e1pidos con Pronautic: formaci\u00f3n STCW oficial, pr\u00e1ctica intensiva y seguridad en situaciones de emergencia.","robots":{"index":"noindex","follow":"follow","max-snippet":"max-snippet:-1","max-image-preview":"max-image-preview:large","max-video-preview":"max-video-preview:-1"},"og_locale":"es_ES","og_type":"article","og_title":"Curso Botes de Rescate R\u00e1pidos STCW en Barcelona","og_description":"Obt\u00e9n tu certificado en Botes de Rescate R\u00e1pidos con Pronautic: formaci\u00f3n STCW oficial, pr\u00e1ctica intensiva y seguridad en situaciones de emergencia.","og_url":"https:\/\/pronautic.bitfire.com.mx\/?product=curso-botes-de-rescate-rapidos","og_site_name":"Pronautic","article_modified_time":"2026-01-08T08:53:10+00:00","og_image":[{"width":234,"height":351,"url":"https:\/\/pronautic.bitfire.com.mx\/wp-content\/uploads\/2025\/05\/fotos-productos-STCW-4_resultat.webp","type":"image\/webp"}],"twitter_card":"summary_large_image","twitter_misc":{"Tiempo de lectura":"3 minutos"},"schema":{"@context":"https:\/\/schema.org","@graph":[{"@type":"WebPage","@id":"https:\/\/pronautic.bitfire.com.mx\/?product=curso-botes-de-rescate-rapidos","url":"https:\/\/pronautic.bitfire.com.mx\/?product=curso-botes-de-rescate-rapidos","name":"Curso Botes de Rescate R\u00e1pidos STCW en Barcelona","isPartOf":{"@id":"https:\/\/pronautic.bitfire.com.mx\/#website"},"primaryImageOfPage":{"@id":"https:\/\/pronautic.bitfire.com.mx\/?product=curso-botes-de-rescate-rapidos#primaryimage"},"image":{"@id":"https:\/\/pronautic.bitfire.com.mx\/?product=curso-botes-de-rescate-rapidos#primaryimage"},"thumbnailUrl":"https:\/\/pronautic.bitfire.com.mx\/wp-content\/uploads\/2025\/05\/fotos-productos-STCW-4_resultat.webp","datePublished":"2025-05-13T10:54:51+00:00","dateModified":"2026-01-08T08:53:10+00:00","description":"Obt\u00e9n tu certificado en Botes de Rescate R\u00e1pidos con Pronautic: formaci\u00f3n STCW oficial, pr\u00e1ctica intensiva y seguridad en situaciones de emergencia.","breadcrumb":{"@id":"https:\/\/pronautic.bitfire.com.mx\/?product=curso-botes-de-rescate-rapidos#breadcrumb"},"inLanguage":"es","potentialAction":[{"@type":"ReadAction","target":["https:\/\/pronautic.bitfire.com.mx\/?product=curso-botes-de-rescate-rapidos"]}]},{"@type":"ImageObject","inLanguage":"es","@id":"https:\/\/pronautic.bitfire.com.mx\/?product=curso-botes-de-rescate-rapidos#primaryimage","url":"https:\/\/pronautic.bitfire.com.mx\/wp-content\/uploads\/2025\/05\/fotos-productos-STCW-4_resultat.webp","contentUrl":"https:\/\/pronautic.bitfire.com.mx\/wp-content\/uploads\/2025\/05\/fotos-productos-STCW-4_resultat.webp","width":234,"height":351},{"@type":"BreadcrumbList","@id":"https:\/\/pronautic.bitfire.com.mx\/?product=curso-botes-de-rescate-rapidos#breadcrumb","itemListElement":[{"@type":"ListItem","position":1,"name":"Portada","item":"https:\/\/pronautic.bitfire.com.mx\/"},{"@type":"ListItem","position":2,"name":"Tienda","item":"https:\/\/pronautic.bitfire.com.mx\/?page_id=10638"},{"@type":"ListItem","position":3,"name":"Curso de Botes de rescate r\u00e1pidos","item":"https:\/\/pronautic.bitfire.com.mx\/?product=curso-botes-de-rescate-rapidos"}]},{"@type":"WebSite","@id":"https:\/\/pronautic.bitfire.com.mx\/#website","url":"https:\/\/pronautic.bitfire.com.mx\/","name":"Pronautic","description":"Escuela n\u00e1utica en Barcelona | Fromaci\u00f3n marina","potentialAction":[{"@type":"SearchAction","target":{"@type":"EntryPoint","urlTemplate":"https:\/\/pronautic.bitfire.com.mx\/?s={search_term_string}"},"query-input":{"@type":"PropertyValueSpecification","valueRequired":true,"valueName":"search_term_string"}}],"inLanguage":"es"}]}},"_links":{"self":[{"href":"https:\/\/pronautic.bitfire.com.mx\/index.php?rest_route=\/wp\/v2\/product\/1360","targetHints":{"allow":["GET"]}}],"collection":[{"href":"https:\/\/pronautic.bitfire.com.mx\/index.php?rest_route=\/wp\/v2\/product"}],"about":[{"href":"https:\/\/pronautic.bitfire.com.mx\/index.php?rest_route=\/wp\/v2\/types\/product"}],"replies":[{"embeddable":true,"href":"https:\/\/pronautic.bitfire.com.mx\/index.php?rest_route=%2Fwp%2Fv2%2Fcomments&post=1360"}],"wp:featuredmedia":[{"embeddable":true,"href":"https:\/\/pronautic.bitfire.com.mx\/index.php?rest_route=\/wp\/v2\/media\/1975"}],"wp:attachment":[{"href":"https:\/\/pronautic.bitfire.com.mx\/index.php?rest_route=%2Fwp%2Fv2%2Fmedia&parent=1360"}],"wp:term":[{"taxonomy":"product_brand","embeddable":true,"href":"https:\/\/pronautic.bitfire.com.mx\/index.php?rest_route=%2Fwp%2Fv2%2Fproduct_brand&post=1360"},{"taxonomy":"product_cat","embeddable":true,"href":"https:\/\/pronautic.bitfire.com.mx\/index.php?rest_route=%2Fwp%2Fv2%2Fproduct_cat&post=1360"},{"taxonomy":"product_tag","embeddable":true,"href":"https:\/\/pronautic.bitfire.com.mx\/index.php?rest_route=%2Fwp%2Fv2%2Fproduct_tag&post=1360"}],"curies":[{"name":"wp","href":"https:\/\/api.w.org\/{rel}","templated":true}]}}