{"id":1330,"date":"2025-05-13T10:28:26","date_gmt":"2025-05-13T10:28:26","guid":{"rendered":"https:\/\/pronautic.olalondev.com\/?post_type=product&#038;p=1330"},"modified":"2025-10-20T11:09:04","modified_gmt":"2025-10-20T11:09:04","slug":"curso-de-bridge-team-management","status":"publish","type":"product","link":"https:\/\/pronautic.bitfire.com.mx\/?product=curso-de-bridge-team-management","title":{"rendered":"Curso Bridge Team Management"},"content":{"rendered":"","protected":false},"excerpt":{"rendered":"<h3 data-start=\"283\" data-end=\"343\"><strong data-start=\"283\" data-end=\"341\">Curso Bridge Team Management (BTM), STCW en Barcelona<\/strong><\/h3>\n<h5><strong>Desde 810\u20ac<\/strong><\/h5>\n<p data-start=\"368\" data-end=\"610\">El <strong data-start=\"371\" data-end=\"430\">curso de Bridge Team Management (BTM) STCW en Barcelona<\/strong> acredita al alumnado para <strong data-start=\"457\" data-end=\"517\">mejorar las habilidades de gesti\u00f3n de personal de puente<\/strong> de los Oficiales de navegaci\u00f3n mediante el uso de un <strong data-start=\"571\" data-end=\"607\">simulador de maniobras de buques<\/strong>.<\/p>\n<p data-start=\"612\" data-end=\"928\">Los participantes adquieren conocimientos para implementar <strong data-start=\"671\" data-end=\"734\">procedimientos de puente durante las guardias de navegaci\u00f3n<\/strong>, aplicar los <strong data-start=\"748\" data-end=\"835\">principios de gesti\u00f3n de los recursos del puente (Bridge Resources Management, BRM)<\/strong>, usar correctamente los equipos y gestionar eficazmente las situaciones de cambio a bordo.<\/p>\n<p data-start=\"930\" data-end=\"1095\">El curso se realiza en colaboraci\u00f3n con la <a href=\"https:\/\/www.fnb.upc.edu\/es\"><strong data-start=\"973\" data-end=\"1009\">Facultad de N\u00e1utica de Barcelona<\/strong><\/a>, garantizando formaci\u00f3n de calidad conforme a los est\u00e1ndares <a href=\"https:\/\/pronautic.bitfire.com.mx\/categoria-producto\/cursos-stcw-barcelona\/\"><strong data-start=\"1071\" data-end=\"1092\">STCW en Barcelona<\/strong><\/a>.<\/p>\n","protected":false},"featured_media":1439,"comment_status":"open","ping_status":"closed","template":"","meta":{"_acf_changed":false,"_et_pb_use_builder":"","_et_pb_old_content":"","_et_gb_content_width":"","_joinchat":[]},"product_brand":[],"product_cat":[22],"product_tag":[],"class_list":{"0":"post-1330","1":"product","2":"type-product","3":"status-publish","4":"has-post-thumbnail","6":"product_cat-cursos-stcw-barcelona","8":"first","9":"outofstock","10":"sale","11":"shipping-taxable","12":"purchasable","13":"product-type-variable"},"acf":[],"yoast_head":"<!-- This site is optimized with the Yoast SEO plugin v26.5 - https:\/\/yoast.com\/wordpress\/plugins\/seo\/ -->\n<title>Curso Bridge Team Management STCW en Barcelona<\/title>\n<meta name=\"description\" content=\"Curso STCW en Barcelona de Bridge Team Management (BTM). Mejora la gesti\u00f3n de personal de puente y la coordinaci\u00f3n de guardias de navegaci\u00f3n.\" \/>\n<meta name=\"robots\" content=\"noindex, follow, max-snippet:-1, max-image-preview:large, max-video-preview:-1\" \/>\n<meta property=\"og:locale\" content=\"es_ES\" \/>\n<meta property=\"og:type\" content=\"article\" \/>\n<meta property=\"og:title\" content=\"Curso Bridge Team Management STCW en Barcelona\" \/>\n<meta property=\"og:description\" content=\"Curso STCW en Barcelona de Bridge Team Management (BTM). Mejora la gesti\u00f3n de personal de puente y la coordinaci\u00f3n de guardias de navegaci\u00f3n.\" \/>\n<meta property=\"og:url\" content=\"https:\/\/pronautic.bitfire.com.mx\/?product=curso-de-bridge-team-management\" \/>\n<meta property=\"og:site_name\" content=\"Pronautic\" \/>\n<meta property=\"article:modified_time\" content=\"2025-10-20T11:09:04+00:00\" \/>\n<meta property=\"og:image\" content=\"https:\/\/pronautic.bitfire.com.mx\/wp-content\/uploads\/2025\/05\/pexels-miguelstpetersburg-31726465_resultat.webp\" \/>\n\t<meta property=\"og:image:width\" content=\"1006\" \/>\n\t<meta property=\"og:image:height\" content=\"1512\" \/>\n\t<meta property=\"og:image:type\" content=\"image\/webp\" \/>\n<meta name=\"twitter:card\" content=\"summary_large_image\" \/>\n<meta name=\"twitter:label1\" content=\"Tiempo de lectura\" \/>\n\t<meta name=\"twitter:data1\" content=\"1 minuto\" \/>\n<script type=\"application\/ld+json\" class=\"yoast-schema-graph\">{\"@context\":\"https:\/\/schema.org\",\"@graph\":[{\"@type\":\"WebPage\",\"@id\":\"https:\/\/pronautic.bitfire.com.mx\/?product=curso-de-bridge-team-management\",\"url\":\"https:\/\/pronautic.bitfire.com.mx\/?product=curso-de-bridge-team-management\",\"name\":\"Curso Bridge Team Management STCW en Barcelona\",\"isPartOf\":{\"@id\":\"https:\/\/pronautic.bitfire.com.mx\/#website\"},\"primaryImageOfPage\":{\"@id\":\"https:\/\/pronautic.bitfire.com.mx\/?product=curso-de-bridge-team-management#primaryimage\"},\"image\":{\"@id\":\"https:\/\/pronautic.bitfire.com.mx\/?product=curso-de-bridge-team-management#primaryimage\"},\"thumbnailUrl\":\"https:\/\/pronautic.bitfire.com.mx\/wp-content\/uploads\/2025\/05\/pexels-miguelstpetersburg-31726465_resultat.webp\",\"datePublished\":\"2025-05-13T10:28:26+00:00\",\"dateModified\":\"2025-10-20T11:09:04+00:00\",\"description\":\"Curso STCW en Barcelona de Bridge Team Management (BTM). Mejora la gesti\u00f3n de personal de puente y la coordinaci\u00f3n de guardias de navegaci\u00f3n.\",\"breadcrumb\":{\"@id\":\"https:\/\/pronautic.bitfire.com.mx\/?product=curso-de-bridge-team-management#breadcrumb\"},\"inLanguage\":\"es\",\"potentialAction\":[{\"@type\":\"ReadAction\",\"target\":[\"https:\/\/pronautic.bitfire.com.mx\/?product=curso-de-bridge-team-management\"]}]},{\"@type\":\"ImageObject\",\"inLanguage\":\"es\",\"@id\":\"https:\/\/pronautic.bitfire.com.mx\/?product=curso-de-bridge-team-management#primaryimage\",\"url\":\"https:\/\/pronautic.bitfire.com.mx\/wp-content\/uploads\/2025\/05\/pexels-miguelstpetersburg-31726465_resultat.webp\",\"contentUrl\":\"https:\/\/pronautic.bitfire.com.mx\/wp-content\/uploads\/2025\/05\/pexels-miguelstpetersburg-31726465_resultat.webp\",\"width\":1006,\"height\":1512,\"caption\":\"bridge team management\"},{\"@type\":\"BreadcrumbList\",\"@id\":\"https:\/\/pronautic.bitfire.com.mx\/?product=curso-de-bridge-team-management#breadcrumb\",\"itemListElement\":[{\"@type\":\"ListItem\",\"position\":1,\"name\":\"Portada\",\"item\":\"https:\/\/pronautic.bitfire.com.mx\/\"},{\"@type\":\"ListItem\",\"position\":2,\"name\":\"Tienda\",\"item\":\"https:\/\/pronautic.bitfire.com.mx\/?page_id=10638\"},{\"@type\":\"ListItem\",\"position\":3,\"name\":\"Curso Bridge Team Management\",\"item\":\"https:\/\/pronautic.bitfire.com.mx\/?product=curso-de-bridge-team-management\"}]},{\"@type\":\"WebSite\",\"@id\":\"https:\/\/pronautic.bitfire.com.mx\/#website\",\"url\":\"https:\/\/pronautic.bitfire.com.mx\/\",\"name\":\"Pronautic\",\"description\":\"Escuela n\u00e1utica en Barcelona | Fromaci\u00f3n marina\",\"potentialAction\":[{\"@type\":\"SearchAction\",\"target\":{\"@type\":\"EntryPoint\",\"urlTemplate\":\"https:\/\/pronautic.bitfire.com.mx\/?s={search_term_string}\"},\"query-input\":{\"@type\":\"PropertyValueSpecification\",\"valueRequired\":true,\"valueName\":\"search_term_string\"}}],\"inLanguage\":\"es\"}]}<\/script>\n<!-- \/ Yoast SEO plugin. -->","yoast_head_json":{"title":"Curso Bridge Team Management STCW en Barcelona","description":"Curso STCW en Barcelona de Bridge Team Management (BTM). Mejora la gesti\u00f3n de personal de puente y la coordinaci\u00f3n de guardias de navegaci\u00f3n.","robots":{"index":"noindex","follow":"follow","max-snippet":"max-snippet:-1","max-image-preview":"max-image-preview:large","max-video-preview":"max-video-preview:-1"},"og_locale":"es_ES","og_type":"article","og_title":"Curso Bridge Team Management STCW en Barcelona","og_description":"Curso STCW en Barcelona de Bridge Team Management (BTM). Mejora la gesti\u00f3n de personal de puente y la coordinaci\u00f3n de guardias de navegaci\u00f3n.","og_url":"https:\/\/pronautic.bitfire.com.mx\/?product=curso-de-bridge-team-management","og_site_name":"Pronautic","article_modified_time":"2025-10-20T11:09:04+00:00","og_image":[{"width":1006,"height":1512,"url":"https:\/\/pronautic.bitfire.com.mx\/wp-content\/uploads\/2025\/05\/pexels-miguelstpetersburg-31726465_resultat.webp","type":"image\/webp"}],"twitter_card":"summary_large_image","twitter_misc":{"Tiempo de lectura":"1 minuto"},"schema":{"@context":"https:\/\/schema.org","@graph":[{"@type":"WebPage","@id":"https:\/\/pronautic.bitfire.com.mx\/?product=curso-de-bridge-team-management","url":"https:\/\/pronautic.bitfire.com.mx\/?product=curso-de-bridge-team-management","name":"Curso Bridge Team Management STCW en Barcelona","isPartOf":{"@id":"https:\/\/pronautic.bitfire.com.mx\/#website"},"primaryImageOfPage":{"@id":"https:\/\/pronautic.bitfire.com.mx\/?product=curso-de-bridge-team-management#primaryimage"},"image":{"@id":"https:\/\/pronautic.bitfire.com.mx\/?product=curso-de-bridge-team-management#primaryimage"},"thumbnailUrl":"https:\/\/pronautic.bitfire.com.mx\/wp-content\/uploads\/2025\/05\/pexels-miguelstpetersburg-31726465_resultat.webp","datePublished":"2025-05-13T10:28:26+00:00","dateModified":"2025-10-20T11:09:04+00:00","description":"Curso STCW en Barcelona de Bridge Team Management (BTM). Mejora la gesti\u00f3n de personal de puente y la coordinaci\u00f3n de guardias de navegaci\u00f3n.","breadcrumb":{"@id":"https:\/\/pronautic.bitfire.com.mx\/?product=curso-de-bridge-team-management#breadcrumb"},"inLanguage":"es","potentialAction":[{"@type":"ReadAction","target":["https:\/\/pronautic.bitfire.com.mx\/?product=curso-de-bridge-team-management"]}]},{"@type":"ImageObject","inLanguage":"es","@id":"https:\/\/pronautic.bitfire.com.mx\/?product=curso-de-bridge-team-management#primaryimage","url":"https:\/\/pronautic.bitfire.com.mx\/wp-content\/uploads\/2025\/05\/pexels-miguelstpetersburg-31726465_resultat.webp","contentUrl":"https:\/\/pronautic.bitfire.com.mx\/wp-content\/uploads\/2025\/05\/pexels-miguelstpetersburg-31726465_resultat.webp","width":1006,"height":1512,"caption":"bridge team management"},{"@type":"BreadcrumbList","@id":"https:\/\/pronautic.bitfire.com.mx\/?product=curso-de-bridge-team-management#breadcrumb","itemListElement":[{"@type":"ListItem","position":1,"name":"Portada","item":"https:\/\/pronautic.bitfire.com.mx\/"},{"@type":"ListItem","position":2,"name":"Tienda","item":"https:\/\/pronautic.bitfire.com.mx\/?page_id=10638"},{"@type":"ListItem","position":3,"name":"Curso Bridge Team Management","item":"https:\/\/pronautic.bitfire.com.mx\/?product=curso-de-bridge-team-management"}]},{"@type":"WebSite","@id":"https:\/\/pronautic.bitfire.com.mx\/#website","url":"https:\/\/pronautic.bitfire.com.mx\/","name":"Pronautic","description":"Escuela n\u00e1utica en Barcelona | Fromaci\u00f3n marina","potentialAction":[{"@type":"SearchAction","target":{"@type":"EntryPoint","urlTemplate":"https:\/\/pronautic.bitfire.com.mx\/?s={search_term_string}"},"query-input":{"@type":"PropertyValueSpecification","valueRequired":true,"valueName":"search_term_string"}}],"inLanguage":"es"}]}},"_links":{"self":[{"href":"https:\/\/pronautic.bitfire.com.mx\/index.php?rest_route=\/wp\/v2\/product\/1330","targetHints":{"allow":["GET"]}}],"collection":[{"href":"https:\/\/pronautic.bitfire.com.mx\/index.php?rest_route=\/wp\/v2\/product"}],"about":[{"href":"https:\/\/pronautic.bitfire.com.mx\/index.php?rest_route=\/wp\/v2\/types\/product"}],"replies":[{"embeddable":true,"href":"https:\/\/pronautic.bitfire.com.mx\/index.php?rest_route=%2Fwp%2Fv2%2Fcomments&post=1330"}],"wp:featuredmedia":[{"embeddable":true,"href":"https:\/\/pronautic.bitfire.com.mx\/index.php?rest_route=\/wp\/v2\/media\/1439"}],"wp:attachment":[{"href":"https:\/\/pronautic.bitfire.com.mx\/index.php?rest_route=%2Fwp%2Fv2%2Fmedia&parent=1330"}],"wp:term":[{"taxonomy":"product_brand","embeddable":true,"href":"https:\/\/pronautic.bitfire.com.mx\/index.php?rest_route=%2Fwp%2Fv2%2Fproduct_brand&post=1330"},{"taxonomy":"product_cat","embeddable":true,"href":"https:\/\/pronautic.bitfire.com.mx\/index.php?rest_route=%2Fwp%2Fv2%2Fproduct_cat&post=1330"},{"taxonomy":"product_tag","embeddable":true,"href":"https:\/\/pronautic.bitfire.com.mx\/index.php?rest_route=%2Fwp%2Fv2%2Fproduct_tag&post=1330"}],"curies":[{"name":"wp","href":"https:\/\/api.w.org\/{rel}","templated":true}]}}